 14) to base 2.
101001
Convert -11 (base 8) to base 14.
-9
-7 (base 15) to base 10
-7
-1310 (base 4) to base 12
-98
Convert 102 (base 7) to base 11.
47
Convert -1040 (base 5) to base 2.
-10010001
a (base 11) to base 9
11
What is 2 (base 4) in base 12?
2
120 (base 5) to base 14
27
What is -47 (base 9) in base 12?
-37
Convert -44 (base 15) to base 10.
-64
What is 110 (base 5) in base 7?
42
-236 (base 8) to base 12
-112
What is 42 (base 6) in base 11?
24
274 (base 10) to base 12
1aa
What is 10 (base 2) in base 7?
2
Convert -21 (base 8) to base 2.
-10001
Convert -11 (base 7) to base 3.
-22
-32 (base 16) to base 5
-200
What is c (base 16) in base 10?
12
What is 42 (base 5) in base 14?
18
What is -10 (base 4) in base 15?
-4
-224 (base 5) to base 3
-2101
-2a (base 15) to base 7
-55
Convert -32 (base 5) to base 13.
-14
Convert 9 (base 11) to base 16.
9
What is 10 (base 13) in base 6?
21
What is 1321 (base 4) in base 7?
232
What is 50 (base 15) in base 7?
135
-3 (base 14) to base 4
-3
4 (base 15) to base 14
4
Convert 1 (base 15) to base 12.
1
Convert -3 (base 10) to base 13.
-3
What is 39 (base 10) in base 5?
124
Convert 23 (base 5) to base 10.
13
Convert -2 (base 9) to base 11.
-2
1a2 (base 11) to base 3
22122
12 (base 10) to base 9
13
What is 71 (base 13) in base 4?
1130
Convert 10 (base 5) to base 14.
5
Convert -4 (base 11) to base 4.
-10
What is 10101 (base 2) in base 4?
111
Convert 101 (base 14) to base 4.
3011
Convert -20 (base 14) to base 16.
-1c
1 (base 9) to base 15
1
Convert -7 (base 10) to base 11.
-7
What is -39 (base 11) in base 5?
-132
Convert -38 (base 13) to base 2.
-101111
Convert -86 (base 10) to base 15.
-5b
What is 14 (base 14) in base 13?
15
Convert 4 (base 7) to base 13.
4
What is -1 (base 3) in base 4?
-1
What is -1 (base 15) in base 2?
-1
-1f (base 16) to base 5
-111
-4 (base 6) to base 9
-4
What is 16 (base 8) in base 15?
e
What is -1 (base 5) in base 11?
-1
What is 10 (base 3) in base 12?
3
What is 9 (base 10) in base 2?
1001
Convert -4 (base 8) to base 15.
-4
What is 3 (base 14) in base 13?
3
Convert 1 (base 5) to base 3.
1
What is 1e (base 16) in base 2?
11110
Convert 24 (base 6) to base 7.
22
Convert 101 (base 2) to base 7.
5
Convert -123 (base 7) to base 5.
-231
Convert -6 (base 12) to base 3.
-20
Convert -120 (base 4) to base 11.
-22
What is 12 (base 3) in base 14?
5
Convert 1 (base 7) to base 4.
1
What is -7 (base 12) in base 4?
-13
-13 (base 5) to base 16
-8
What is -15 (base 7) in base 5?
-22
What is 47 (base 14) in base 5?
223
What is -5 (base 7) in base 13?
-5
Convert -23 (base 5) to base 16.
-d
Convert 13 (base 4) to base 6.
11
1 (base 10) to base 8
1
Convert 126 (base 10) to base 11.
105
b (base 12) to base 11
10
0 (base 16) to base 7
0
What is 9e (base 16) in base 13?
c2
What is -1 (base 3) in base 2?
-1
What is 9 (base 11) in base 6?
13
What is -4 (base 6) in base 16?
-4
Convert 21 (base 4) to base 9.
10
Convert 16 (base 13) to base 9.
21
What is -5 (base 6) in base 3?
-12
What is -1 (base 13) in base 7?
-1
Convert -2 (base 13) to base 9.
-2
-18 (base 11) to base 15
-14
What is -141 (base 7) in base 15?
-53
-173 (base 9) to base 14
-a7
Convert -3 (base 12) to base 8.
-3
What is 10 (base 6) in base 10?
6
9 (base 12) to base 13
9
What is -5 (base 12) in base 16?
-5
What is 121 (base 4) in base 7?
34
Convert -21 (base 9) to base 4.
-103
d9 (base 14) to base 8
277
Convert -199 (base 12) to base 11.
-218
Convert -30 (base 9) to base 14.
-1d
6 (base 9) to base 16
6
Convert -1111101 (base 2) to base 7.
-236
Convert -17 (base 14) to base 9.
-23
What is -3 (base 5) in base 8?
-3
What is 74 (base 15) in base 16?
6d
-5b (base 15) to base 8
-126
Convert -65 (base 11) to base 4.
-1013
What is -64 (base 8) in base 6?
-124
Convert -11 (base 15) to base 6.
-24
What is 6 (base 9) in base 3?
20
Convert 0 (base 13) to base 5.
0
What is 3301 (base 4) in base 10?
241
233 (base 7) to base 10
122
What is 80 (base 12) in base 5?
341
-1 (base 6) to base 4
-1
What is -233 (base 4) in base 7?
-65
What is -36 (base 14) in base 11?
-44
What is -24 (base 6) in base 2?
-10000
What is -ab (base 12) in base 9?
-155
47 (base 14) to base 9
70
-1 (base 4) to base 13
-1
What is 31 (base 16) in base 14?
37
What is -10110 (base 2) in base 16?
-16
-12 (base 11) to base 7
-16
What is 3 (base 6) in base 2?
11
21 (base 5) to base 15
b
What is 24 (base 13) in base 5?
110
What is -1b5 (base 12) in base 15?
-13b
Convert 5 (base 15) to base 6.
5
What is -13 (base 8) in base 13?
-b
-1 (base 7) to base 16
-1
Convert -2 (base 3) to base 13.
-2
Convert 24 (base 12) to base 11.
26
What is -11 (base 5) in base 9?
-6
13 (base 9) to base 3
110
What is -14 (base 8) in base 4?
-30
130 (base 4) to base 8
34
81 (base 12) to base 6
241
What is -1 (base 8) in base 12?
-1
-4 (base 7) to base 9
-4
What is -5 (base 10) in base 8?
-5
Convert -165 (base 16) to base 5.
-2412
What is -1 (base 9) in base 7?
-1
b8 (base 13) to base 10
151
Convert 5 (base 8) to base 16.
5
Convert 0 (base 13) to base 7.
0
What is -10 (base 2) in base 10?
-2
Convert -16 (base 7) to base 14.
-d
55 (base 11) to base 5
220
Convert 1c (base 13) to base 14.
1b
What is -54 (base 11) in base 7?
-113
Convert -21 (base 5) to base 4.
-23
Convert -3 (base 15) to base 14.
-3
1 (base 15) to base 2
1
-1b (base 12) to base 10
-23
Convert d1 (base 16) to base 6.
545
What is -5 (base 6) in base 9?
-5
Convert -23 (base 4) to base 9.
-12
What is 4 (base 16) in base 6?
4
Convert -20 (base 4) to base 3.
-22
-10 (base 2) to base 16
-2
-133 (base 10) to base 15
-8d
Convert 53 (base 6) to base 10.
33
Convert 313 (base 5) to base 8.
123
-101 (base 2) to base 13
-5
What is -3 (base 14) in base 5?
-3
Convert 5 (base 11) to base 15.
5
What is 212 (base 3) in base 4?
113
What is 7 (base 9) in base 8?
7
Convert -e (base 16) to base 2.
-1110
57 (base 8) to base 13
38
Convert 100 (base 2) to base 15.
4
Convert 4 (base 5) to base 9.
4
Convert 8 (base 10) to base 4.
20
Convert -c (base 13) to base 6.
-20
What is 10 (base 2) in base 6?
2
-ac (base 15) to base 4
-2202
Convert 143 (base 7) to base 14.
5a
What is -5 (base 6) in base 7?
-5
Convert 30 (base 4) to base 15.
c
Convert 1224 (base 5) to base 15.
c9
Convert 3 (base 12) to base 14.
3
What is b (base 13) in base 5?
21
10 (base 4) to base 5
4
What is -111 (base 5) in base 11?
-29
-1d (base 16) to base 2
-11101
Convert 24 (base 6) to base 4.
100
21 (base 4) to base 7
12
What is -11 (base 4) in base 15?
-5
-a (base 12) to base 11
-a
1 (base 6) to base 2
1
What is -12 (base 3) in base 9?
-5
What is -17 (base 11) in base 2?
-10010
What is -379 (base 10) in base 11?
-315
What is -4 (base 11) in base 5?
-4
Convert -25 (base 8) to base 13.
-18
Convert -100 (base 2) to base 11.
-4
Convert 88 (base 9) to base 16.
50
What is 89 (base 16) in base 4?
2021
Convert -1000 (base 2) to base 10.
-8
554 (base 6) to base 14
114
Convert c (base 14) to base 13.
c
Convert b5 (base 13) to base 8.
224
-58 (base 12) to base 10
-68
Convert -3 (base 9) to base 5.
-3
What is -4 (base 15) in base 4?
-10
3b (base 15) to base 13
44
66 (base 9) to base 3
2020
What is -61 (base 7) in base 6?
-111
What is -33 (base 14) in base 15?
-30
Convert 2 (base 12) to base 16.
2
180 (base 12) to base 3
22220
3 (base 5) to base 10
3
Convert -10 (base 3) to base 7.
-3
What is -12 (base 5) in base 9?
-7
Convert -23 (base 8) to base 15.
-14
21 (base 9) to base 14
15
Convert 38 (base 10) to base 12.
32
Convert 7 (base 10) to base 13.
7
What is 14 (base 10) in base 16?
e
Convert 23 (base 11) to base 16.
19
1 (base 5) to base 11
1
Convert -44 (base 14) to base 3.
-2020
30 (base 6) to base 12
16
Convert -3 (base 13) to base 8.
-3
Convert 0 (base 8) to base 12.
0
Convert 0 (base 13) to base 10.
0
-441 (base 6) to base 11
-144
Convert 80 (base 15) to base 11.
aa
7 (base 8) to base 6
11
111120 (base 3) to base 14
1c2
Convert 6 (base 10) to base 7.
6
Convert -3 (base 13) to base 14.
-3
-2 (base 16) to base 10
-2
-1001101 (base 2) to base 16
-4d
-1 (base 8) to base 13
-1
10 (base 11) to base 3
102
What is -5 (base 7) in base 2?
-101
What is 6 (base 10) in base 14?
6
What is -1 (base 9) in base 8?
-1
Convert 176 (base 14) to base 8.
454
-330 (base 6) to base 7
-240
-70 (base 16) to base 14
-80
Convert 9 (base 11) to base 12.
9
What is 1